02 = -4*o - c. Let u = -90 - o. What are the prime factors of u?
67
Let v(u) = 10*u**3 - 9*u**2 - 27*u - 16. Let b be v(-4). Let p be -1*51/(-2)*38. Let s = b + p. What are the prime factors of s?
277
Suppose -5*d - 2*k = -2*d - 1638, d = 5*k + 563. Suppose -105*y + 109*y - d = 0. What are the prime factors of y?
137
Let k(d) = -58*d + 1. Let s be k(-3). Let f(o) = 4*o + 17. Let y be f(-4). List the prime factors of s/6 - (10/(-12) + y).
29
Let m = -13692 - -41976. What are the prime factors of m?
2, 3, 2357
Let t = -71344 + 128013. What are the prime factors of t?
61, 929
Suppose -5*t = 4*k + 1, -3*t + 7*k + 29 = 2*k. Let d be t*(-4)/18 - 133/3. Let y = 90 + d. What are the prime factors of y?
3, 5
Let h(z) = -124*z**2 + 14*z - 6. Let a(s) = -249*s**2 + 27*s - 10. Let j(n) = -4*a(n) + 7*h(n). What are the prime factors of j(-1)?
2, 17
Let x(i) = i**2 + 7*i - 5. Let b be x(-8). Suppose -2*h = -q + 8, -q = -b*q + h + 10. List the prime factors of -38*(q - 0)/(-4).
2, 19
Suppose -9*f - 14792 + 100526 = 0. Suppose 10*p = -12*p + f. List the prime factors of p.
433
Let i(j) = 2*j**3 + 11*j**2 - 3*j + 16. Let w(p) = p**3 + 9*p**2 - 3*p + 15. Let o(c) = 3*i(c) - 4*w(c). What are the prime factors of o(4)?
2, 5
Let j = -274 + 240. What are the prime factors of (-2)/(-17) - (-1 + 17812/j)?
3, 5, 7
Suppose 0 = -i - 15 + 10. Let r(t) be the third derivative of -t**6/60 - 2*t**5/15 - 3*t**4/8 + 5*t**3/6 + 2*t**2 - 14. What are the prime factors of r(i)?
2, 5
Let c(i) = 2*i + 31. Let h be c(-9). Suppose q + 4*v = -667, h = -3*v + 4. What are the prime factors of 4/8 - q/10?
2, 3, 11
Suppose 0 = -x + 2, 0 = 3*g - 10*x + 13*x - 4479. What are the prime factors of g?
3, 7, 71
Let j(a) = -a + 20. Let l be j(-5). Suppose -k + 4127 = 4*y, -9*k - l = -4*k. List the prime factors of y.
1033
Suppose -5*c = w - 343, 81 = 5*c + 2*w - 265. Suppose c = z - 80. What are the prime factors of z?
2, 37
Suppose -8*w + 3*w = 4*y + 56, 4*y = 2*w - 28. What are the prime factors of (-677)/y + -1 - (-46)/(-207)?
2, 37
Let l(z) = 2*z**3 + 290*z**2 + 32*z + 1498. What are the prime factors of l(-143)?
2, 39359
List the prime factors of (-3 - 1)/(1/28*7)*-694.
2, 347
List the prime factors of 33*1759 + ((-10)/140 - (-5)/70).
3, 11, 1759
Let y be ((-18)/8)/(33/(-88)). Let s(j) = 6*j - y*j + 5*j**2 - 3*j - 4 + j**2. List the prime factors of s(-5).
7, 23
Let k = 9481 - -14322. List the prime factors of k.
13, 1831
Suppose 0 = 177*d - 180*d + 1470. Let h = -154 + d. What are the prime factors of h?
2, 3, 7
Suppose 0 = -2*y + 2*s + 49710, -y + 2*s - 10736 = -35598. List the prime factors of y.
2, 1553
What are the prime factors of (184/230)/(((-12)/45)/(4916/(-6)))?
2, 1229
Suppose 146*b - 635562 = 53*b. List the prime factors of b.
2, 3, 17, 67
Suppose 28 = 2*z + x + 4*x, 2*x = 4. Let m(k) = k - z*k + 4*k**2 - 3 + 9 - 2*k. What are the prime factors of m(7)?
2, 3, 11
Suppose 0 = 2*o + 3*p - 7*p - 576, -884 = -3*o - 4*p. Let t = -166 + o. Let l = t - 49. What are the prime factors of l?
7, 11
List the prime factors of (-546)/(-28)*(-3 + -209 + -6)*-2.
2, 3, 13, 109
Let d(l) = 3*l**2 + 45*l + 120. List the prime factors of d(28).
2, 3, 311
Let t = 80 - 83. Let x be (223/t)/(((-3)/(-9))/(-1)). Suppose 491 = 3*q - x. List the prime factors of q.
2, 7, 17
Let r = -347 + 348. What are the prime factors of r*373 + (45 - 39)?
379
What are the prime factors of ((-958)/(-4))/((-11)/6776*-11)?
2, 7, 479
Let h be (-1 - 0)*(-2 + 2). Suppose 20 = 4*j - h. Suppose -2*s - 103 = -3*s + j*o, s - 100 = 4*o. What are the prime factors of s?
2, 11
List the prime factors of 1197/15*6780/18.
2, 7, 19, 113
Suppose 3*g = 3*w - 27, w = 10*g - 6*g + 12. Let o(p) = -w - 9 - 8 - 15*p - 29*p. What are the prime factors of o(-3)?
107
Let x be 352/36 - 2/(-9). Let g = -21 + 92. Suppose t - g = x. What are the prime factors of t?
3
Let r(d) = d - 37. Let a be r(10). Let p(j) = 37*j - 2. Let h be p(-2). Let z = a - h. List the prime factors of z.
7
Suppose 3*i + 123 = j + 4*i, 0 = -4*j - 2*i + 498. Suppose 4*m - j = 578. What are the prime factors of m?
2, 11
Let s(x) = -5*x + 45. Suppose 0 = -11*f + 6*f + 75. Let i(c) = c. Let a(k) = f*i(k) + s(k). What are the prime factors of a(17)?
5, 43
Let u(t) = 77*t**2 - 9*t + 19. Let l(o) = -38*o**2 + 4*o - 9. Let i(d) = 5*l(d) + 2*u(d). Let r be i(-6). List the prime factors of r/(-7) + (-1)/(-7).
2, 47
Suppose -11 = -k + m - 3*m, 5*k + 4*m = 73. Let a(t) = -19 - k - 23 + 45 + 12*t. What are the prime factors of a(5)?
2, 23
Suppose -w + 4*w + 2*k - 74 = 0, -3*k - 32 = -2*w. Suppose 41242 = w*y + 12554. List the prime factors of y.
2, 163
List the prime factors of (15/6 + (-1 - 0))/((-984)/(-20139856)).
11, 2791
Let t = -438 + 440. Suppose 0 = -t*h - 25*h + 35775. What are the prime factors of h?
5, 53
Let g(w) = w**2 - 2*w - 50. Let k be g(9). Let u(r) = 2 + 3*r**2 - 15*r + 41 - 2*r**2. List the prime factors of u(k).
17
Let b = 30494 + -19863. List the prime factors of b.
10631
List the prime factors of -346 - -349 - (0/(-1) - 208*68).
7, 43, 47
Let a = 100 + -67. Suppose 6*c + 4*k - 116 = 2*c, 0 = 2*c - 3*k - a. List the prime factors of -2 + 6/(c/740)*1.
3, 61
Let w(h) = -2*h**2 - 15*h + 3. Let z be w(-7). Suppose -4*k + 2 + z = -4*y, 5*k - 19 = 3*y. Suppose k*x = -0*x + 195. List the prime factors of x.
3, 13
Suppose -2*m + 5*k + 121 = 0, -237 = -3*m + k - 23. Suppose -5*r + 160 = h - 4*h, h + 5*r = -80. Let z = m - h. List the prime factors of z.
7, 19
Let c(j) = -13*j**3 + 9*j**2 + 9*j + 2. Let k be c(-6). Suppose -5*z = -13*z + k. List the prime factors of z.
5, 7, 11
What are the prime factors of (78/4)/(4 - -2 - 1363986/227344)?
2, 13, 1093
Let k = 24108 + -15740. What are the prime factors of k?
2, 523
Let p be (-8)/(-6)*(63/6 - 3). Suppose z = p - 127. List the prime factors of (-18)/z - (-3192)/39.
2, 41
Suppose -8 = 2*c, 0*f = -5*f + c - 6776. List the prime factors of (10 + -4)/(1 + 1347/f).
2, 113
Suppose 4*y - 10152 = 4*d, -d - 7618 = -3*y + 4*d. Suppose 5*v - 640 = -f, -20*v = -4*f - 16*v + y. List the prime factors of f.
5, 127
Suppose -8920 = -h - 3*o, 3*o + 44028 = 4*h + 8318. What are the prime factors of h?
2, 4463
Let t(i) = -77*i + 17085. What are the prime factors of t(-147)?
2, 3, 263
Let v = -39 - -32. Let s be (6/7)/(6/v + 1). What are the prime factors of ((-3)/s)/((-1)/178)?
89
Let r(n) be the first derivative of 3*n**4/4 - 7*n**3/3 + 9*n**2 + 12*n - 284. What are the prime factors of r(5)?
2, 151
Let j(o) = 7*o + 140 - o**2 + 2*o**2 - 148. Let l be j(-7). List the prime factors of ((-44)/16)/(2/l).
11
Suppose 64*v + 15*v - 448984 = -159686. List the prime factors of v.
2, 1831
Suppose -38*s = 96*s - 77*s - 1134756. What are the prime factors of s?
2, 3, 7, 79
Let p = 6395 - -1859. List the prime factors of p.
2, 4127
Let k(b) = -13*b**3 - 2*b + 2. Let g(z) = 4*z + 20. Let t be g(-4). Suppose -3*c = 3*r, -c - 8*r + 6 = -t*r. What are the prime factors of k(c)?
2, 5, 11
Let l be 1*(1/1 + 14). Suppose l*m - 7*m = 24. Suppose -g - 2*k + 38 = 0, k = -2*g - m*g + 181. What are the prime factors of g?
2, 3
What are the prime factors of (55/(-33) - (2 + (-16)/6))*-26439?
3, 7, 1259
Let w(i) = -698*i + 472. List the prime factors of w(-8).
2, 757
Suppose 19 = 16*p - 45. Suppose -1326 = -p*c - 14. List the prime factors of c.
2, 41
Let n be ((-1)/3 + -1)*9/(-6). Suppose 0 = -5*y + 4*h + 1490, -5*y - n*h + 1500 = -4*h. What are the prime factors of y?
2, 151
Let x = 77344 + -36670. List the prime factors of x.
2, 3, 6779
Suppose 2*l + 10 + 2 = -3*b, -3*l = b + 4. Suppose l*u + 14 = 2*u. Suppose -8*y + 51 = -u*y. List the prime factors of y.
3, 17
Let y = 12 - 5. Suppose 2*h - y*h = -20. Suppose -h*n + 12*n - 1344 = 0. List the prime factors of n.
2, 3, 7
Suppose -194011 = -66*f + 184499. List the prime factors of f.
5, 31, 37
Suppose -44*y - 54509 + 172781 = 0. List the prime factors of y.
2, 3, 7
Suppose 4*b + 2*y - 26 = 0, b - 12 = 4*y + y. What are the prime factors of -3 + (292 - (-5 + b))?
7, 41
Suppose 8 = i + v, -3*v = 5*i - 43 + 13. Suppose -4*l - d = 22, l - i*l - 16 = 3*d. List the prime factors of l/2 + 6736/32.
2, 13
Let l be (3/9)/(6/522). Let g = l - 25. Suppose 2*y = -2*v - 19 + 163, -g*v - 12 = 0. What are the prime factors of y?
3,